{"id":4841,"date":"2025-10-20T12:00:30","date_gmt":"2025-10-20T12:00:30","guid":{"rendered":"https:\/\/hydrogeeks2.safeland.es\/?post_type=product&#038;p=4841"},"modified":"2026-02-23T08:53:25","modified_gmt":"2026-02-23T08:53:25","slug":"gea-r-mt","status":"publish","type":"product","link":"https:\/\/hydrogeeks2.safeland.es\/?product=gea-r-mt","title":{"rendered":"Bomba multifunci\u00f3n de montaje en base, Entrada 0\/4 \u00f7 20 mA o 20\u00f74 mA Entrada de frecuencia 1:n, n:1, 1:c (lotes), modo ppm."},"content":{"rendered":"","protected":false},"excerpt":{"rendered":"<ul>\n<li><b>Bomba multifunci\u00f3n de montaje en base, kit de instalaci\u00f3n en PVDF<\/b><\/li>\n<li><b>Entrada 0\/4 \u00f7 20 mA o 20\u00f74 mA<\/b><\/li>\n<li><b>Entrada de frecuencia 1:n, n:1, 1:c (lotes), modo ppm<\/b><\/li>\n<li><b>Regulaci\u00f3n mec\u00e1nica de la longitud de carrera<\/b><\/li>\n<\/ul>\n","protected":false},"featured_media":4842,"comment_status":"open","ping_status":"closed","template":"","meta":[],"product_brand":[30],"product_cat":[79,34],"product_tag":[],"class_list":{"0":"post-4841","1":"product","2":"type-product","3":"status-publish","4":"has-post-thumbnail","6":"product_brand-injecta","7":"product_cat-bombas-electromagneticas","8":"product_cat-suministro","10":"first","11":"instock","12":"sale","13":"taxable","14":"shipping-taxable","15":"purchasable","16":"product-type-variable"},"yoast_head":"<!-- This site is optimized with the Yoast SEO plugin v25.5 - https:\/\/yoast.com\/wordpress\/plugins\/seo\/ -->\n<title>Bomba multifunci\u00f3n de montaje en base, Entrada 0\/4 \u00f7 20 mA o 20\u00f74 mA Entrada de frecuencia 1:n, n:1, 1:c (lotes), modo ppm. - Hydrogeeks<\/title>\n<meta name=\"robots\" content=\"index, follow, max-snippet:-1, max-image-preview:large, max-video-preview:-1\" \/>\n<link rel=\"canonical\" href=\"https:\/\/hydrogeeks2.safeland.es\/?product=gea-r-mt\" \/>\n<meta property=\"og:locale\" content=\"es_ES\" \/>\n<meta property=\"og:type\" content=\"article\" \/>\n<meta property=\"og:title\" content=\"Bomba multifunci\u00f3n de montaje en base, Entrada 0\/4 \u00f7 20 mA o 20\u00f74 mA Entrada de frecuencia 1:n, n:1, 1:c (lotes), modo ppm. - Hydrogeeks\" \/>\n<meta property=\"og:description\" content=\"Bomba multifunci\u00f3n de montaje en base, kit de instalaci\u00f3n en PVDF  Entrada 0\/4 \u00f7 20 mA o 20\u00f74 mA  Entrada de frecuencia 1:n, n:1, 1:c (lotes), modo ppm  Regulaci\u00f3n mec\u00e1nica de la longitud de carrera\" \/>\n<meta property=\"og:url\" content=\"https:\/\/hydrogeeks2.safeland.es\/?product=gea-r-mt\" \/>\n<meta property=\"og:site_name\" content=\"Hydrogeeks\" \/>\n<meta property=\"article:modified_time\" content=\"2026-02-23T08:53:25+00:00\" \/>\n<meta property=\"og:image\" content=\"https:\/\/hydrogeeks2.safeland.es\/wp-content\/uploads\/2025\/10\/Imagen_de_WhatsApp_2025-10-20_a_las_10.12.04_334b0dfb-removebg-preview.png\" \/>\n\t<meta property=\"og:image:width\" content=\"379\" \/>\n\t<meta property=\"og:image:height\" content=\"536\" \/>\n\t<meta property=\"og:image:type\" content=\"image\/png\" \/>\n<meta name=\"twitter:card\" content=\"summary_large_image\" \/>\n<meta name=\"twitter:label1\" content=\"Tiempo de lectura\" \/>\n\t<meta name=\"twitter:data1\" content=\"1 minuto\" \/>\n<script type=\"application\/ld+json\" class=\"yoast-schema-graph\">{\"@context\":\"https:\/\/schema.org\",\"@graph\":[{\"@type\":\"WebPage\",\"@id\":\"https:\/\/hydrogeeks2.safeland.es\/?product=gea-r-mt\",\"url\":\"https:\/\/hydrogeeks2.safeland.es\/?product=gea-r-mt\",\"name\":\"Bomba multifunci\u00f3n de montaje en base, Entrada 0\/4 \u00f7 20 mA o 20\u00f74 mA Entrada de frecuencia 1:n, n:1, 1:c (lotes), modo ppm. - Hydrogeeks\",\"isPartOf\":{\"@id\":\"https:\/\/hydrogeeks2.safeland.es\/#website\"},\"primaryImageOfPage\":{\"@id\":\"https:\/\/hydrogeeks2.safeland.es\/?product=gea-r-mt#primaryimage\"},\"image\":{\"@id\":\"https:\/\/hydrogeeks2.safeland.es\/?product=gea-r-mt#primaryimage\"},\"thumbnailUrl\":\"https:\/\/hydrogeeks2.safeland.es\/wp-content\/uploads\/2025\/10\/Imagen_de_WhatsApp_2025-10-20_a_las_10.12.04_334b0dfb-removebg-preview.png\",\"datePublished\":\"2025-10-20T12:00:30+00:00\",\"dateModified\":\"2026-02-23T08:53:25+00:00\",\"breadcrumb\":{\"@id\":\"https:\/\/hydrogeeks2.safeland.es\/?product=gea-r-mt#breadcrumb\"},\"inLanguage\":\"es\",\"potentialAction\":[{\"@type\":\"ReadAction\",\"target\":[\"https:\/\/hydrogeeks2.safeland.es\/?product=gea-r-mt\"]}]},{\"@type\":\"ImageObject\",\"inLanguage\":\"es\",\"@id\":\"https:\/\/hydrogeeks2.safeland.es\/?product=gea-r-mt#primaryimage\",\"url\":\"https:\/\/hydrogeeks2.safeland.es\/wp-content\/uploads\/2025\/10\/Imagen_de_WhatsApp_2025-10-20_a_las_10.12.04_334b0dfb-removebg-preview.png\",\"contentUrl\":\"https:\/\/hydrogeeks2.safeland.es\/wp-content\/uploads\/2025\/10\/Imagen_de_WhatsApp_2025-10-20_a_las_10.12.04_334b0dfb-removebg-preview.png\",\"width\":379,\"height\":536},{\"@type\":\"BreadcrumbList\",\"@id\":\"https:\/\/hydrogeeks2.safeland.es\/?product=gea-r-mt#breadcrumb\",\"itemListElement\":[{\"@type\":\"ListItem\",\"position\":1,\"name\":\"Portada\",\"item\":\"https:\/\/hydrogeeks2.safeland.es\/\"},{\"@type\":\"ListItem\",\"position\":2,\"name\":\"Shop\",\"item\":\"https:\/\/hydrogeeks2.safeland.es\/?page_id=27\"},{\"@type\":\"ListItem\",\"position\":3,\"name\":\"Bomba multifunci\u00f3n de montaje en base, Entrada 0\/4 \u00f7 20 mA o 20\u00f74 mA Entrada de frecuencia 1:n, n:1, 1:c (lotes), modo ppm.\"}]},{\"@type\":\"WebSite\",\"@id\":\"https:\/\/hydrogeeks2.safeland.es\/#website\",\"url\":\"https:\/\/hydrogeeks2.safeland.es\/\",\"name\":\"Hydrogeeks\",\"description\":\"\",\"potentialAction\":[{\"@type\":\"SearchAction\",\"target\":{\"@type\":\"EntryPoint\",\"urlTemplate\":\"https:\/\/hydrogeeks2.safeland.es\/?s={search_term_string}\"},\"query-input\":{\"@type\":\"PropertyValueSpecification\",\"valueRequired\":true,\"valueName\":\"search_term_string\"}}],\"inLanguage\":\"es\"}]}<\/script>\n<!-- \/ Yoast SEO plugin. -->","yoast_head_json":{"title":"Bomba multifunci\u00f3n de montaje en base, Entrada 0\/4 \u00f7 20 mA o 20\u00f74 mA Entrada de frecuencia 1:n, n:1, 1:c (lotes), modo ppm. - Hydrogeeks","robots":{"index":"index","follow":"follow","max-snippet":"max-snippet:-1","max-image-preview":"max-image-preview:large","max-video-preview":"max-video-preview:-1"},"canonical":"https:\/\/hydrogeeks2.safeland.es\/?product=gea-r-mt","og_locale":"es_ES","og_type":"article","og_title":"Bomba multifunci\u00f3n de montaje en base, Entrada 0\/4 \u00f7 20 mA o 20\u00f74 mA Entrada de frecuencia 1:n, n:1, 1:c (lotes), modo ppm. - Hydrogeeks","og_description":"Bomba multifunci\u00f3n de montaje en base, kit de instalaci\u00f3n en PVDF  Entrada 0\/4 \u00f7 20 mA o 20\u00f74 mA  Entrada de frecuencia 1:n, n:1, 1:c (lotes), modo ppm  Regulaci\u00f3n mec\u00e1nica de la longitud de carrera","og_url":"https:\/\/hydrogeeks2.safeland.es\/?product=gea-r-mt","og_site_name":"Hydrogeeks","article_modified_time":"2026-02-23T08:53:25+00:00","og_image":[{"width":379,"height":536,"url":"https:\/\/hydrogeeks2.safeland.es\/wp-content\/uploads\/2025\/10\/Imagen_de_WhatsApp_2025-10-20_a_las_10.12.04_334b0dfb-removebg-preview.png","type":"image\/png"}],"twitter_card":"summary_large_image","twitter_misc":{"Tiempo de lectura":"1 minuto"},"schema":{"@context":"https:\/\/schema.org","@graph":[{"@type":"WebPage","@id":"https:\/\/hydrogeeks2.safeland.es\/?product=gea-r-mt","url":"https:\/\/hydrogeeks2.safeland.es\/?product=gea-r-mt","name":"Bomba multifunci\u00f3n de montaje en base, Entrada 0\/4 \u00f7 20 mA o 20\u00f74 mA Entrada de frecuencia 1:n, n:1, 1:c (lotes), modo ppm. - Hydrogeeks","isPartOf":{"@id":"https:\/\/hydrogeeks2.safeland.es\/#website"},"primaryImageOfPage":{"@id":"https:\/\/hydrogeeks2.safeland.es\/?product=gea-r-mt#primaryimage"},"image":{"@id":"https:\/\/hydrogeeks2.safeland.es\/?product=gea-r-mt#primaryimage"},"thumbnailUrl":"https:\/\/hydrogeeks2.safeland.es\/wp-content\/uploads\/2025\/10\/Imagen_de_WhatsApp_2025-10-20_a_las_10.12.04_334b0dfb-removebg-preview.png","datePublished":"2025-10-20T12:00:30+00:00","dateModified":"2026-02-23T08:53:25+00:00","breadcrumb":{"@id":"https:\/\/hydrogeeks2.safeland.es\/?product=gea-r-mt#breadcrumb"},"inLanguage":"es","potentialAction":[{"@type":"ReadAction","target":["https:\/\/hydrogeeks2.safeland.es\/?product=gea-r-mt"]}]},{"@type":"ImageObject","inLanguage":"es","@id":"https:\/\/hydrogeeks2.safeland.es\/?product=gea-r-mt#primaryimage","url":"https:\/\/hydrogeeks2.safeland.es\/wp-content\/uploads\/2025\/10\/Imagen_de_WhatsApp_2025-10-20_a_las_10.12.04_334b0dfb-removebg-preview.png","contentUrl":"https:\/\/hydrogeeks2.safeland.es\/wp-content\/uploads\/2025\/10\/Imagen_de_WhatsApp_2025-10-20_a_las_10.12.04_334b0dfb-removebg-preview.png","width":379,"height":536},{"@type":"BreadcrumbList","@id":"https:\/\/hydrogeeks2.safeland.es\/?product=gea-r-mt#breadcrumb","itemListElement":[{"@type":"ListItem","position":1,"name":"Portada","item":"https:\/\/hydrogeeks2.safeland.es\/"},{"@type":"ListItem","position":2,"name":"Shop","item":"https:\/\/hydrogeeks2.safeland.es\/?page_id=27"},{"@type":"ListItem","position":3,"name":"Bomba multifunci\u00f3n de montaje en base, Entrada 0\/4 \u00f7 20 mA o 20\u00f74 mA Entrada de frecuencia 1:n, n:1, 1:c (lotes), modo ppm."}]},{"@type":"WebSite","@id":"https:\/\/hydrogeeks2.safeland.es\/#website","url":"https:\/\/hydrogeeks2.safeland.es\/","name":"Hydrogeeks","description":"","potentialAction":[{"@type":"SearchAction","target":{"@type":"EntryPoint","urlTemplate":"https:\/\/hydrogeeks2.safeland.es\/?s={search_term_string}"},"query-input":{"@type":"PropertyValueSpecification","valueRequired":true,"valueName":"search_term_string"}}],"inLanguage":"es"}]}},"_links":{"self":[{"href":"https:\/\/hydrogeeks2.safeland.es\/index.php?rest_route=\/wp\/v2\/product\/4841","targetHints":{"allow":["GET"]}}],"collection":[{"href":"https:\/\/hydrogeeks2.safeland.es\/index.php?rest_route=\/wp\/v2\/product"}],"about":[{"href":"https:\/\/hydrogeeks2.safeland.es\/index.php?rest_route=\/wp\/v2\/types\/product"}],"replies":[{"embeddable":true,"href":"https:\/\/hydrogeeks2.safeland.es\/index.php?rest_route=%2Fwp%2Fv2%2Fcomments&post=4841"}],"version-history":[{"count":3,"href":"https:\/\/hydrogeeks2.safeland.es\/index.php?rest_route=\/wp\/v2\/product\/4841\/revisions"}],"predecessor-version":[{"id":6015,"href":"https:\/\/hydrogeeks2.safeland.es\/index.php?rest_route=\/wp\/v2\/product\/4841\/revisions\/6015"}],"wp:featuredmedia":[{"embeddable":true,"href":"https:\/\/hydrogeeks2.safeland.es\/index.php?rest_route=\/wp\/v2\/media\/4842"}],"wp:attachment":[{"href":"https:\/\/hydrogeeks2.safeland.es\/index.php?rest_route=%2Fwp%2Fv2%2Fmedia&parent=4841"}],"wp:term":[{"taxonomy":"product_brand","embeddable":true,"href":"https:\/\/hydrogeeks2.safeland.es\/index.php?rest_route=%2Fwp%2Fv2%2Fproduct_brand&post=4841"},{"taxonomy":"product_cat","embeddable":true,"href":"https:\/\/hydrogeeks2.safeland.es\/index.php?rest_route=%2Fwp%2Fv2%2Fproduct_cat&post=4841"},{"taxonomy":"product_tag","embeddable":true,"href":"https:\/\/hydrogeeks2.safeland.es\/index.php?rest_route=%2Fwp%2Fv2%2Fproduct_tag&post=4841"}],"curies":[{"name":"wp","href":"https:\/\/api.w.org\/{rel}","templated":true}]}}